+ 5 + 183/1. Suppose -212 = -2*r - 4*z, -2*z = 3*r - 120 - b. What are the prime factors of r?
2, 5
Let u = -2962 + 5969. What are the prime factors of u?
31, 97
Suppose -3*k + f = 6*f + 19, 0 = -2*k + 3*f + 19. Suppose -k*a + 0*l + 30 = -4*l, -4*a + 5 = 3*l. Suppose 152 - 12 = a*v. List the prime factors of v.
2, 7
List the prime factors of 0 + 16/20 + 1677012/60.
3, 7, 11
Suppose 0 = 16*y - 13*y. Suppose -3*h - h + 724 = y. Suppose 0 = -a - 2, 2*j - h + 61 = 5*a. List the prime factors of j.
5, 11
Suppose 179*t + 144*t = 95*t + 5411124. What are the prime factors of t?
3, 293
What are the prime factors of (-13 - 3) + 11 - -7644?
7639
Suppose -4*k = 4*m - 8716, -3*k - 103 = -2*m - 6665. Suppose 10*q = -2*q + k. List the prime factors of q.
2, 7, 13
Let y = -1409 - -86. Let s be (y/18)/(1 - (-1)/(-2)). Let m = -76 - s. What are the prime factors of m?
71
Suppose v + 4*u - 178 + 659 = 0, -3*v - 1427 = 4*u. Let b = v - -1493. What are the prime factors of b?
2, 3, 5, 17
List the prime factors of (-2 + -1 - -2)/(14/(-364924)).
2, 13033
List the prime factors of 6/(-2) - (-5446 - 0 - 21).
2, 683
What are the prime factors of 16905/1225*5785/3?
13, 23, 89
Let x = -173 + 164. List the prime factors of 852/2 - (x + 1).
2, 7, 31
Let t(l) = l**2. Let u(h) = -h**3 - h**2 + 3. Let c(k) = 5*t(k) - u(k). Let w be c(-6). List the prime factors of 3*-1*w/(-9)*-105.
3, 5, 7
Let v = 76437 + -45469. What are the prime factors of v?
2, 7, 79
Suppose 2*r = 11*r - 36. Let q be r/(-5) - 996/(-20). Suppose 48*b = q*b - 82. What are the prime factors of b?
2, 41
Let f = 104 - 92. Suppose f*u = 15*u - 1002. What are the prime factors of u?
2, 167
Let s = -140 - -144. Let z(n) = 52*n**2 + 16*n - 30. What are the prime factors of z(s)?
2, 433
Let v(z) = -172*z + 685. What are the prime factors of v(-49)?
13, 701
Suppose 14*z - 9*z - 280 = 0. Let l = -50 + z. Suppose 0 = -8*y - l + 230. What are the prime factors of y?
2, 7
Suppose -900 = 4*f + o, -900 = 7*f - 3*f + 3*o. Let j = 660 + f. List the prime factors of j.
3, 5, 29
Let d be (-111)/74*(2 + 8/3). What are the prime factors of (-3066)/(-14 - d) + -1?
19, 23
Suppose -5*v = -0*v - 2*u - 30, -u = v - 13. Let o = -676 - -675. What are the prime factors of ((-4)/v)/(-2*o/(-148))?
37
List the prime factors of (-36)/12 - (-2066 - 7).
2, 3, 5, 23
Let h(z) = -z**2 - 5*z + 5. Let u be h(-6). Let k be (36/27)/(u/3)*2. List the prime factors of (-682)/k + 18/24.
2, 43
Suppose -7*l + 112049 = -18522. List the prime factors of l.
23, 811
List the prime factors of (50/(-20)*169986/15)/(1 - 2).
41, 691
Let y(r) = -522*r - 2221. List the prime factors of y(-9).
2477
Let o(y) = 123*y - 258. Let z = 10 - -4. What are the prime factors of o(z)?
2, 3, 61
Let h(b) = -2*b - 47. Let u be h(-26). Suppose -5*y - 24 = -2*m + 656, u*m - y = 1746. What are the prime factors of m?
2, 5, 7
List the prime factors of (-1 - (-9 + -5 + 8))/(2/964).
2, 5, 241
Suppose 2*d = -32 + 554. Let b = d + 0. List the prime factors of b.
3, 29
What are the prime factors of (-2 - 399)*(-260)/13?
2, 5, 401
List the prime factors of 49953/7 - (1649/(-119) - -14).
2, 223
Let s be -2 + -1 + 4 + -1. Suppose 8*g = -s*g + 40. Suppose -g*v + 477 = -u - u, -5*v - 3*u + 472 = 0. What are the prime factors of v?
5, 19
Suppose -43*i = -9*i - 12*i - 636614. What are the prime factors of i?
19, 1523
List the prime factors of 137/5 - 27 - (-28666)/10.
47, 61
Let g(z) = -z**2 + 16*z - 41. Let r be g(12). Suppose 2*n = -9*x + r*x + 360, -x + n = -170. What are the prime factors of x?
5, 7
Suppose -6*d + 13683 = -5*d - 2*b, 20 = -4*b. What are the prime factors of d?
11, 113
Suppose -3*c + 19 = -t, -2*c + 5*t + 15 = -3*c. List the prime factors of (-3)/c*(-2 + 1 + -754).
3, 151
Let o(p) = 2*p**3 + 32*p**2 + 32*p + 42. Let b be o(-15). What are the prime factors of (-4110)/b*4/8*-4?
5, 137
What are the prime factors of (-1678)/(-10) + (208/65 - 3)?
2, 3, 7
Let w be -2 - -397 - 32/(-16). Let l = w + -283. What are the prime factors of (-76)/l + (-803)/(-3) + -1?
2, 7, 19
Let v(p) = -p**2 + 13*p + 11. Let u be v(10). Let z = u + -39. Suppose -4*j - 154 = -2*i, -z*i - 3*i + 361 = 2*j. What are the prime factors of i?
73
Let q(y) = 118*y - 2713. What are the prime factors of q(80)?
7, 31
Suppose -11124 = -4*u - 5*b, 4*b + 11088 = 101*u - 97*u. List the prime factors of u.
2, 347
List the prime factors of (-64962)/(-3)*(-84)/(-63).
2, 3, 401
Let m(y) = 5*y**2 - 7*y + 44. List the prime factors of m(36).
2, 7
Suppose -88554 + 22901 = -3*u - 4*d, -21878 = -u + 5*d. What are the prime factors of u?
79, 277
Let d be (-30 + 30)*-2*(-1)/4. Suppose 7*c = -d*c - 217. Let v = c - -33. What are the prime factors of v?
2
Let z(a) = 6*a**2 + 8*a + 63. Let i be (2 - (-7 + 12)) + -9. List the prime factors of z(i).
3, 277
Let p(y) = 4*y**3 - y**2 - 2*y - 1. Let a be p(-1). Let q(b) = -8*b - 26. Let j be q(a). Suppose j = z - 42. What are the prime factors of z?
2, 3
Suppose 17*h = 12*h + 1290. Suppose 6*a - 4*a = 2*v - h, 0 = 2*a + 4. List the prime factors of v.
127
Suppose -42 = 5*i + 3*w + 9, 0 = -2*i + 3*w - 33. Let b = 16 + i. Suppose -b*m + 106 = -62. List the prime factors of m.
2, 3, 7
Let f = -370 + 187. Let u = -39 - f. List the prime factors of u.
2, 3
Suppose -4*x = -3*p + 29, -2*p + 19 + 12 = -5*x. Suppose 99 = 6*f + p*f. List the prime factors of f.
11
Let j(u) be the second derivative of u**3/6 - u**2/2 - 32*u. Let q be j(8). Suppose q*p = 357 + 343. List the prime factors of p.
2, 5
Let v(x) = 2*x - 4. Let a be v(3). Suppose 5*f = -4*b + 6 - 15, -5*f = -3*b + a. List the prime factors of ((-468)/8)/3*(f + -1).
3, 13
Suppose -24*x + 23*x = -4*y + 257, -4*x + 77 = y. Suppose 3074 = 67*f - y*f. List the prime factors of f.
29, 53
Suppose -4190 = 4*t - 19398. Suppose -3*i = 3*p - 4833, 0 = -3*i + 2*p + t + 1056. What are the prime factors of i?
2, 101
Suppose 6969 + 3723 = -4*v. Let h be 14/8 - 2 - v/36. Suppose 4*b - 268 = 3*u, -b + 0*u + h = u. List the prime factors of b.
2, 5, 7
Let g = 1881 - 379. Suppose 2*q + 0*q = -5*t + g, -5*t = -2*q - 1498. Suppose 4*u = -0*u + t. What are the prime factors of u?
3, 5
Let l(r) be the third derivative of r**6/120 + r**5/60 + r**4/24 + 28*r**2. Let c be l(-3). What are the prime factors of c/(-2)*(1 + (-202)/(-14))?
2, 3
Let a be 49/((-6)/(-2472) + 0). What are the prime factors of (-8)/6 + a/84?
239
Let y(t) = t**3 - 12*t**2 - 12*t - 13. Let c be y(13). Suppose 4*f + 4*q - 416 = -c*f, -2*q - 101 = -f. Let x = -54 + f. What are the prime factors of x?
7
Let q(i) = i**2 - 5*i - 19. Let v(x) = x**2 - 4*x - 18. Let r(m) = 6*q(m) - 5*v(m). Let w be r(13). List the prime factors of w/((-2)/(-36)*3).
2, 3, 5
Suppose 12444714 = 328*g + 74*g. List the prime factors of g.
3, 17, 607
Suppose 5*m + 4*x = 8*x + 1123, -5*m + 1117 = -x. Suppose t = 290 + m. What are the prime factors of t?
3, 19
Suppose -12*b + 15 = -7*b. Suppose b*o - 435 + 51 = 0. Let y = -89 + o. List the prime factors of y.
3, 13
What are the prime factors of 3*(2/(-5))/(9/(3344850/(-20)))?
3, 7433
Let z be (494/(-65) - -8) + (-2116)/(-10). Suppose 0 = -3*c + c - f - 289, -5*f - 575 = 4*c. Let v = z + c. What are the prime factors of v?
67
Let g(a) = -3*a**2 + 27*a - 21. Let v be g(8). List the prime factors of 2 - (-15116)/24 - v/(-18).
2, 79
Let h(m) = m**2 - 13*m. Let j be h(14). Suppose -2*t - 192 = -j. Let p = 5 - t. What are the prime factors of p?
2, 47
Let x be (-24)/96 + 22/(-8). List the prime factors of (2 + x)/(3224/1076 - 3).
269
Let x(t) = t**3 - 5*t**2 + 15*t - 13. Let i(a) = a + 1. Let c(p) = -6*i(p) - x(p). Let u be c(5). Let r = 11 - u. What are the prime factors of r?
109
Let u(i) = 28 + 213 + 36*i - 68*i + i. List the prime factors of u(-21).
2, 223
Let f = 115723 - 66668. List the prime factors of f.
5, 9811
Let u(q) = 534*q**3 - q**2 + 3*q - 3. Let l be u(1). Let p = l - 212. What are the prime factors of p?
3, 107
Let k(r) = -r**3 + 12*r**2 - 34*r + 38. Let v be k(7). Let x be (-147 - (2 + 0))*-1. Let c = x - v. What are the prime factors of c?
2, 13
Suppose 4*n = 2*n + 8. Let d(z) be the second derivative of z**4/4 + z**3/6 - 13*z**2/2 - z + 52. List the prime factors of d(n).
3, 13
Let p(j) = 185*j**2 + 127*j + 1132. What are the prime factors of p(-14)?
2, 